*h - 110 = -2*w. List the prime factors of w.
2, 13
Let j(u) = -2*u**3 - 2*u**2 + 3*u + 5. What are the prime factors of j(-3)?
2
Suppose -58 = u + j + 4*j, 10 = -2*j. Let g = -17 - u. List the prime factors of g.
2
List the prime factors of 14/(3*(1 + (-11)/12)).
2, 7
Let g = -5 + 2. Let n(w) be the first derivative of w**3/3 + w**2 + w + 3. List the prime factors of n(g).
2
Let i(n) = -13 + n + 4*n - 7*n + 4*n. Suppose 0 = -a - 4*g - 2 - 8, 4*a + g = 35. List the prime factors of i(a).
7
Let k be 6*(-3)/(-6) - 3. Suppose k = 4*o + 12. Let f(y) = -y - 1. List the prime factors of f(o).
2
Suppose -8 = 4*o, -4*p - 2*o - 10 = -5*o. Let y be (-7 + 5)*126/p. Suppose -5*k + 41 = z, -y = -4*z + 4*k - 19. What are the prime factors of z?
2
Suppose 69 = -4*c - 7. Let b = c - -32. List the prime factors of b.
13
Let g(c) be the second derivative of -c**3 + 2*c + 3/2*c**2 + 0. What are the prime factors of g(-3)?
3, 7
Let q(j) = -j**2 - 11*j + 4. Suppose d = -d - 22. Let u be q(d). Suppose -a + u*w + 1 = -3, 5*a + 3*w = 20. What are the prime factors of a?
2
Suppose h - 16 - 14 = 0. What are the prime factors of h?
2, 3, 5
Let k(m) be the first derivative of -m**2/2 - 4*m + 2. What are the prime factors of k(-9)?
5
Let d(n) = -n**3 + 4*n**2 + n - 1. List the prime factors of d(3).
11
Let b = 651 + -267. What are the prime factors of b?
2, 3
Suppose l - 13 = -0. List the prime factors of l.
13
Let p be (-3 - -3 - -4) + -1. List the prime factors of p/4*(2 - -18).
3, 5
Let v be 4*(0 + 31/(-4)). Let z = -18 - v. Let t = z - 5. What are the prime factors of t?
2
Suppose 40 = 2*o - 6*o. Let i be -2*5/(o/4). Suppose -4*z + x = -69, -2*z = 2*z - i*x - 60. What are the prime factors of z?
2, 3
Suppose -z + 4 = -1. Let k = z + -23. Let h = -9 - k. List the prime factors of h.
3
Let u be 5*4/10*-2. Let q(n) = n**2 + n + 3. List the prime factors of q(u).
3, 5
Suppose 0 = -p + 2*p - 80. Suppose 0*t - p = -5*t. What are the prime factors of t?
2
Let h = 54 - 35. Suppose 0 = -4*l - 12, -s + l + h = s. What are the prime factors of s?
2
Let m = 5 - 8. What are the prime factors of m*(136/(-3))/4?
2, 17
What are the prime factors of 19 - (3 + -3)/3?
19
Let j(m) = m - 2. Let r(c) = c. Suppose -4*k = k - 20. Let f be r(k). List the prime factors of j(f).
2
Let i(o) = 2*o + 8. Let x be i(-6). Let d be x/((-2)/(-1)) + 1. What are the prime factors of (-3 + -3)*(0 + d)?
2, 3
Let g(r) = -r**2 + 8*r + 13. Suppose 0 = -3*a - a + 36. What are the prime factors of g(a)?
2
Let s(r) = 5*r**2 + 4*r**2 - 6*r**2. What are the prime factors of s(2)?
2, 3
Let u = 335 - 145. List the prime factors of u.
2, 5, 19
Let o be -6*(3 - 14/6). Let u = 9 + o. What are the prime factors of u?
5
Suppose v + 0 = 4. Suppose -n - v*n = -60. What are the prime factors of n?
2, 3
Suppose 0 = -3*c - 3*y + 12, -3*c + 2*y = -y. Let d = c - -6. What are the prime factors of d?
2
Suppose 2*y - 70 = y. What are the prime factors of y?
2, 5, 7
Let k(h) = -9*h - 61. List the prime factors of k(-19).
2, 5, 11
Let x = -11 - -18. Let s = 11 - 7. Suppose -s*z + 5*z - x = 0. What are the prime factors of z?
7
Let i = 14 - 7. Let g be (-18)/4*(2 + -4). Let w = g - i. What are the prime factors of w?
2
Let g = 4 - -2. Suppose -15 = -3*f - 3*n + g*n, 4*n - 20 = -f. What are the prime factors of f?
2
Let p(i) = -24*i**3 + 2*i**2 + 2*i + 1. Suppose -3*j = -0*j + 3. Let y be p(j). List the prime factors of (-2)/(-5) + 290/y.
2, 3
Let a(s) = s**2 - 6*s - 11. List the prime factors of a(-6).
61
Suppose 3*j - 4*j - 18 = 0. Let q = 25 + j. What are the prime factors of q?
7
Let t(b) be the second derivative of -2*b**2 + 2*b + b**3 + 0 + 1/6*b**4. What are the prime factors of t(-5)?
2
Suppose 120 = 7*x - 4*x. What are the prime factors of x?
2, 5
Let i = -55 - -119. List the prime factors of i.
2
Suppose -3*h + j + 0 + 2 = 0, 5*h = -j + 14. What are the prime factors of h?
2
Let x(h) = -7*h**2 - 12*h - 2. Let b(d) = -15*d**2 - 25*d - 3. Let s be (3/5 + -1)*-15. Let k(m) = s*b(m) - 13*x(m). List the prime factors of k(-6).
2
Let y = 10 - -4. Let u = y + 0. List the prime factors of u.
2, 7
Let t(q) = 2*q**2 + 3*q + 2. Let v be t(-2). Let p be (v/(-6))/((-1)/3). Suppose p = 2*d - 6. What are the prime factors of d?
2
What are the prime factors of 5*(-4 - (-381)/15)?
107
Suppose 4*d + 417 = 5*h, d = -h - 0*h + 78. What are the prime factors of h?
3
Suppose 0*g + 8 = 5*g + 2*o, -5*o = -4*g + 13. What are the prime factors of 30/4*g/3?
5
Let v(w) be the second derivative of 1/6*w**3 + 1/6*w**4 + 0 + w**2 - w. What are the prime factors of v(-2)?
2
Let i(t) = 7*t - 7. What are the prime factors of i(3)?
2, 7
Let k be 10 + 0*(-1)/(-2). Let z be (k/(-4))/5*-6. Suppose 3 = z*w - 27. List the prime factors of w.
2, 5
Suppose 2*g - 5*c + 7 = 3, 5 = -g + 4*c. Suppose m + g = 0, -4*m - 3 + 0 = 3*r. Suppose 0 = 2*u - x - 10, -3*u + 3*x + r = -6*u. List the prime factors of u.
3
Let n(y) = y**3 + 4*y**2 - 4. Let j be n(-3). Suppose 2*c - 57 + 15 = -4*u, 4*c + j*u - 69 = 0. List the prime factors of c.
11
Let p = 2 - 18. Let z be (-3)/9 + p/(-3). Suppose -s = -z - 12. What are the prime factors of s?
17
Let q(a) = 2*a**2 + a - a - a - a - 3. Let b be (-2)/(-4) + (-5)/(-2). What are the prime factors of q(b)?
3
Suppose -13*k = -111 - 435. List the prime factors of k.
2, 3, 7
Let w(c) = 5*c**3 - c. Let x be w(1). Suppose -x = -5*h + 6. Suppose -h*f = -3*y - 20, -4*y = -0*y - 8. What are the prime factors of f?
13
Suppose -11*y + 70 = -282. List the prime factors of y.
2
Let i be (8 - -1)*(-4)/(-12). Suppose -t - 1 = -i. Suppose -t*z + 26 = -0*z. What are the prime factors of z?
13
Suppose -g - 692 = -3*m, -m - 3*g + 110 = -104. List the prime factors of m.
229
Suppose 0 = -2*f - 3*f - 3*t + 330, -198 = -3*f - 2*t. List the prime factors of f.
2, 3, 11
Suppose 4*x + 3*g = -64, -5*x + 3*g = -0*x + 80. List the prime factors of -42*(x/(-6) - 3).
2, 7
Suppose 5*a - 6 = 4. List the prime factors of a.
2
Suppose 0 = -v + n + 4*n - 4, 2*n = 0. Let i be ((-5)/v)/(2/8). Suppose -i*m = -2*x + 1, 0 = -2*x + 5*x - 4*m - 5. List the prime factors of x.
3
Let w be ((-9)/(-6))/((-1)/(-2)). Suppose -3*g - 58 = -3*r - 2*r, -5*r + 5*g = -50. Suppose z = w*z - r. What are the prime factors of z?
7
Let i be -11*3*(-2)/6. Suppose i = -4*c + 103. List the prime factors of c.
23
Let d(h) be the first derivative of -h**3/3 + 5*h**2/2 - 4. List the prime factors of d(4).
2
Suppose 0 = 3*o + 9, 3*r + 4*o = -0*r + 15. Let x be (4/(-6))/((-2)/r). Suppose 0 = 5*k + 3*i - 21, 27 = x*k + 2*k + i. List the prime factors of k.
2, 3
Let r = -1 + 5. Suppose -r*z = -5*o + 14, -o - 2*z = 3*o - 32. What are the prime factors of o?
2, 3
Suppose -4*o = 4*h + 100, -4*o + 5*h - 73 = -0*h. Let r be (-3)/(2 - o/(-8)). Suppose r*z + 0*z - 32 = 0. List the prime factors of z.
2
Let d(k) = k**3 + 11*k**2 - 18*k + 5. List the prime factors of d(-12).
7, 11
Let b be 3/((-9)/76)*15. List the prime factors of b/(-15) + (-4)/(-6).
2, 13
Let b = -16 - -19. Suppose 5*n = -2*w + 45, -4*w + 2*w = b*n - 47. List the prime factors of w.
5
List the prime factors of 8/(-2) - (-94 - 3/(-3)).
89
Let s(c) = -9*c - 2. Let h(l) = -8*l - 3. Let g(z) = 6*h(z) - 5*s(z). Suppose -r - 39 = 3*r - 5*f, r = -5*f + 9. What are the prime factors of g(r)?
2, 5
Suppose 3*l = 223 + 83. List the prime factors of l.
2, 3, 17
Let d(w) = -w**3 + 2*w**2 - 3*w - 3. What are the prime factors of d(-3)?
3, 17
Let b(s) = s**2 + s - 3. Let h be b(-3). What are the prime factors of h*1*16/12?
2
Let x = -8 + 5. List the prime factors of (8/3)/(x/(-9)).
2
Let o(x) = 179*x + 2. Let h be o(-1). What are the prime factors of h/(-9) - 4/(-12)?
2, 5
Let z = 3 + -3. Suppose z*g = 4*g - 80. What are the prime factors of g?
2, 5
Let l = -12 - -14. List the prime factors of 18 + (l - (0 + 2)).
2, 3
Let c(f) = -f**2 - 11*f + 2. Suppose 0 = 5*b - 2*b + x + 27, 0 = 3*b - x + 27. Let g be c(b). What are the prime factors of -3*g/(-3) - 0?
2, 5
Suppose -5*b - 96 = 4*f, -2*b = -3*b + 4. Let z = f + 43. List the prime factors of z.
2, 7
Let l = -12 + 17. Suppose l*f - 6*g - 26 = -2*g, 2*f = -5*g + 17. What are the prime factors of f?
2, 3
Suppose 4*t = 3*c + 2, 4*t = -2 - 2. Let k = c - -9. Suppose b = -2*b, g = -4*b + k. What are the prime 